{"id":3506,"date":"2015-11-04T16:46:29","date_gmt":"2015-11-04T15:46:29","guid":{"rendered":"http:\/\/naehbistro.ch\/blog\/?page_id=3506"},"modified":"2024-07-18T09:06:21","modified_gmt":"2024-07-18T07:06:21","slug":"einsteiger-bis-etwa-100-euro","status":"publish","type":"page","link":"https:\/\/naehbistro.ch\/blog\/einsteiger-bis-etwa-100-euro\/","title":{"rendered":"Einsteiger (bis etwa 100 Euro)"},"content":{"rendered":"<p><em>In alphabetischer Reihenfolge<\/em><\/p>\n<p>[instagram-feed]<\/p>\n<hr \/>\n<p><strong>AEG NM 220 <\/strong>N\u00e4hmaschine<br \/>\nEine Freiarm.N\u00e4hmaschine mit Flachbett-Anschiebetisch. Sie hat 25 N\u00e4hprogramme wie: 3fach Geradstich, 3fach Zickzack Stich, Trikotstich, 4-Stufen Knopfloch, Blindstich, Overlockstich, Stretchnaht, Stopffunktion und Doppelnadelfunktion.<br \/>\nSie wird oft auch im Lidl als Aktionsmaschine angeboten<\/p>\n<hr \/>\n<p><strong>AEG 376 <\/strong>N\u00e4hmaschine<br \/>\nEine preiswerte Maschine mit 26 Stichprogrammen und einer Stichl\u00e4nge von : 4 mm. Eine geeigete N\u00e4hmaschine f\u00fcr den Einstieg und kleine Aenderungen\/reparaturen im\u00a0Haushalt<br \/>\n<a rel=\"nofollow noopener\" href=\"https:\/\/www.amazon.de\/gp\/product\/B003Y734NQ\/ref=as_li_tl?ie=UTF8&#038;camp=1638&#038;creative=6742&#038;creativeASIN=B003Y734NQ&#038;linkCode=as2&#038;tag=nehbistro-21\" target=\"_blank\">AEG 376 N\u00e4hmaschine bei Amazon bestellen<\/a><\n\n\n\n\n<hr \/>\n<p><strong>AEG 1714 <\/strong>N\u00e4hmaschine<br \/>\nAEG 1714 N\u00e4hmaschine bei Amazon bestellen<\/p>\n<hr \/>\n<p><strong>SINGER Freiarm-N\u00e4hmaschine Tradition 2282\u00a0<\/strong>N\u00e4hmaschine<br \/>\n32 Stichprogramme mit umfangreichem Zubeh\u00f6r, sie kann alles, was man braucht ohne viel Firlefanz. Jedoch wemiger f\u00fcr dicke Stroffe geeignet.<br \/>\nSie wird oft auch im Lidl als Aktionsmaschine angeboten<\/p>\n<hr \/>\n<p><strong>Singer Mercury 8280 Nutznaht-<\/strong>N\u00e4hmaschine<br \/>\nEine Maschine ohne biel technisches Schnickschnack. Daher ist die Bedienung und das Arbeiten ganz einfach &#8211; auch f\u00fcr \u00e4hanf\u00e4nger geeignet.<br \/>\n<a rel=\"nofollow noopener\" href=\"https:\/\/www.amazon.de\/gp\/product\/B000N5PN36\/ref=as_li_tl?ie=UTF8&#038;camp=1638&#038;creative=6742&#038;creativeASIN=B000N5PN36&#038;linkCode=as2&#038;tag=nehbistro-21\" target=\"_blank\">Singer Mercury 8280 Nutznaht-N\u00e4hmaschine<\/a><\/p>\n<hr \/>\n<p><strong>PRYM Strickm\u00fchle MAXI<\/strong><br \/>\nSie hilft f\u00fcr schnelles und einfaches Stricken. Man kann flache Teile bis zu 40 Maschen, runde Teile bis zu 44 Maschen breit stricken. F\u00fcr runde Schals, Kissen und vieles andere.<br \/>\n<a rel=\"nofollow noopener\" href=\"https:\/\/www.amazon.de\/gp\/product\/B000VKFJ32\/ref=as_li_tl?ie=UTF8&#038;camp=1638&#038;creative=6742&#038;creativeASIN=B000VKFJ32&#038;linkCode=as2&#038;tag=nehbistro-21\" target=\"_blank\">PRYM Strickm\u00fchle MAXI bei Amazon bestellen<\/a><\/p>\n<hr \/>\n<p><strong>Tristar SM-6000<\/strong> N\u00e4hmaschine<br \/>\nN\u00e4hmaschine mit 10 eingebauten Stichmustern. Sie ist extrem g\u00fcnstig im Ankauf, jedoch eher f\u00fcr Kinder geeignet. Die Maschine n\u00e4ht recht gut und ist f\u00fcr das Herstellen kleinerer Objekte gut geeignet.<br \/>\n<a rel=\"nofollow noopener\" href=\"https:\/\/www.amazon.de\/gp\/product\/B004F6461O\/ref=as_li_tl?ie=UTF8&#038;camp=1638&#038;creative=6742&#038;creativeASIN=B004F6461O&#038;linkCode=as2&#038;tag=nehbistro-21\" target=\"_blank\">Tristar SM-6000 N\u00e4hmaschine bei Amazon bestellen<\/a><\/p>\n<hr \/>\n","protected":false},"excerpt":{"rendered":"<p>In alphabetischer Reihenfolge [instagram-feed] AEG NM 220 N\u00e4hmaschine Eine Freiarm.N\u00e4hmaschine mit Flachbett-Anschiebetisch. Sie hat 25 N\u00e4hprogramme wie: 3fach Geradstich, 3fach Zickzack Stich, Trikotstich, 4-Stufen Knopfloch, Blindstich, Overlockstich, Stretchnaht, Stopffunktion und Doppelnadelfunktion. Sie wird oft auch im Lidl als Aktionsmaschine angeboten AEG 376 N\u00e4hmaschine Eine preiswerte Maschine mit 26 Stichprogrammen und einer Stichl\u00e4nge von : 4 mm. Eine geeigete N\u00e4hmaschine f\u00fcr den Einstieg und kleine Aenderungen\/reparaturen im\u00a0Haushalt AEG 376 N\u00e4hmaschine bei <a class=\"more-link\" href=\"https:\/\/naehbistro.ch\/blog\/einsteiger-bis-etwa-100-euro\/\">>> Weiterlesen<\/a><\/p>\n","protected":false},"author":9,"featured_media":0,"parent":0,"menu_order":0,"comment_status":"open","ping_status":"closed","template":"","meta":{"footnotes":""},"class_list":["post-3506","page","type-page","status-publish","hentry"],"jetpack_shortlink":"https:\/\/wp.me\/Pv2vX-Uy","jetpack-related-posts":[{"id":3509,"url":"https:\/\/naehbistro.ch\/blog\/mittelklasse-naehmaschinen-fuer-fortgeschrittene\/","url_meta":{"origin":3506,"position":0},"title":"Mittelklasse-N\u00e4hmaschinen f\u00fcr Fortgeschrittene","author":"Heribert Burkhard","date":"4. Oktober 2016","format":false,"excerpt":"In alphabetischer Reihenfolge AEG 227 LCD N\u00e4hmaschine\u00a0 AEG NM 680 Premium Line N\u00e4hmaschine\u00a0 Brother N\u00e4hmaschine BC-2500\u00a0 Brother N\u00e4hmaschine XN1700 , obenliegende Spule, 17 Stichprogramme\u00a0 Carina 291875 Professional N\u00e4hmaschine mit Zubeh\u00f6r\u00a0 Carina 8360 Power und Stretch N\u00e4hmaschine mit Zubeh\u00f6r\u00a0 Carina H10A Comfort N\u00e4hmaschine mit Zubeh\u00f6r\u00a0 Husqvarna Viking H Class E 10\u2026","rel":"","context":"\u00c4hnlicher Beitrag","block_context":{"text":"\u00c4hnlicher Beitrag","link":""},"img":{"alt_text":"","src":"","width":0,"height":0},"classes":[]},{"id":3502,"url":"https:\/\/naehbistro.ch\/blog\/die-meistverkauften\/","url_meta":{"origin":3506,"position":1},"title":"Die Meistverkauften","author":"Heribert Burkhard","date":"4. November 2015","format":false,"excerpt":"Carina Comfort 40 Nutz- und Zierstiche mit diversen Overlockstichen zum N\u00e4hen und Vers\u00e4ubern von elastischen Stoffen. 4-Stufen-Knopflochautomatik. Die hohe Durchstichskraft garantiert das N\u00e4hen von dicken und d\u00fcnnen Stoffen, sie n\u00e4ht auch problematische Stoffe wie Jersey oder Stretch m\u00fchelos. Empfehlenswert, mit f\u00fcnf Jahren Garantie. Amazon.de Widgets W6 N\u00e4hmaschine N 1235 Eine\u2026","rel":"","context":"\u00c4hnlicher Beitrag","block_context":{"text":"\u00c4hnlicher Beitrag","link":""},"img":{"alt_text":"b_info25","src":"https:\/\/i0.wp.com\/naehbistro.ch\/blog\/wp-content\/uploads\/2012\/07\/b_info25.jpg?resize=350%2C200&ssl=1","width":350,"height":200},"classes":[]},{"id":3511,"url":"https:\/\/naehbistro.ch\/blog\/computer-und-profinaehmaschinen\/","url_meta":{"origin":3506,"position":2},"title":"Computer- und Profin\u00e4hmaschinen","author":"Heribert Burkhard","date":"4. November 2015","format":false,"excerpt":"Diese Maschinen kosten in der Regel viel Geld. Sie sind es aber auch wert. Am besten kaufen Sie diese bei einem spezialisierten Fachh\u00e4ndler, welcher Sie an der Maschinen ausbilden oder Sie bei Fragen unterst\u00fctzen kann. In alphabetischer Reihenfolge Brother N\u00e4hmaschine Innov-is 30\u00a0 Brother N\u00e4hmaschine \/ Stickmaschine Innov-is 950\u00a0 Brother N\u00e4hmaschine\u2026","rel":"","context":"\u00c4hnlicher Beitrag","block_context":{"text":"\u00c4hnlicher Beitrag","link":""},"img":{"alt_text":"","src":"","width":0,"height":0},"classes":[]},{"id":2470,"url":"https:\/\/naehbistro.ch\/blog\/nahmaschinen\/","url_meta":{"origin":3506,"position":3},"title":"N\u00e4hmaschinen","author":"Heribert Burkhard","date":"11. Juli 2016","format":false,"excerpt":"Heute sind in vielen Haushalten noch eine mechanische N\u00e4h\u00admaschine in Gebrauch, die vor vielen Jahren oft zur Hochzeit geschenkt wurde. Die Maschine bot nur wenige Stiche, die man an einem Handrad einstellen musste, im wwesentlichen sind sie jedoch gleich geblieben: der Oberfaden muss eingef\u00e4delt, die Spulen eingesetzt und die Stichart\u2026","rel":"","context":"\u00c4hnlicher Beitrag","block_context":{"text":"\u00c4hnlicher Beitrag","link":""},"img":{"alt_text":"b_info25","src":"https:\/\/i0.wp.com\/naehbistro.ch\/blog\/wp-content\/uploads\/2012\/07\/b_info25.jpg?resize=350%2C200&ssl=1","width":350,"height":200},"classes":[]},{"id":4576,"url":"https:\/\/naehbistro.ch\/blog\/selber-schneidern-liegt-im-trend\/","url_meta":{"origin":3506,"position":4},"title":"Selber Schneidern liegt im Trend","author":"Heribert Burkhard","date":"2. Oktober 2016","format":false,"excerpt":"Der einzige Mensch, der sich vern\u00fcnftig benimmt, ist mein Schneider. Er nimmt jedesmal neu Mass, wenn er mich trifft, w\u00e4hrend alle anderen immer die alten Massst\u00e4be anlegen in der Meinung, sie passten auch heute noch.\u201c \u00a0\u00a0\u00a0\u00a0\u00a0 George Bernard Shaw Wer dem Trend nachl\u00e4uft ist immer zu sp\u00e4t, setzen Sie den\u2026","rel":"","context":"\u00c4hnlicher Beitrag","block_context":{"text":"\u00c4hnlicher Beitrag","link":""},"img":{"alt_text":"","src":"","width":0,"height":0},"classes":[]},{"id":4483,"url":"https:\/\/naehbistro.ch\/blog\/lehrreiche-naehbuecher\/","url_meta":{"origin":3506,"position":5},"title":"N\u00e4h-Literatur","author":"Heribert Burkhard","date":"14. April 2016","format":false,"excerpt":"Lesenswerte B\u00fccher St\u00f6bern in einer Buchhandlung ist zwar immer wieder anregend, leider findet man selten die n\u00f6tige Zeit daf\u00fcr. Amazon liefert nahezu jedes Buch direkt nach Hause. Der Versand ist schnell und in der Regel kostenlos, ebenso ist Amazon kulant und ein sicherer Lieferant. Da m\u00fcssen Sie keine Angst haben,\u2026","rel":"","context":"\u00c4hnlicher Beitrag","block_context":{"text":"\u00c4hnlicher Beitrag","link":""},"img":{"alt_text":"","src":"","width":0,"height":0},"classes":[]}],"jetpack_sharing_enabled":true,"_links":{"self":[{"href":"https:\/\/naehbistro.ch\/blog\/wp-json\/wp\/v2\/pages\/3506","targetHints":{"allow":["GET"]}}],"collection":[{"href":"https:\/\/naehbistro.ch\/blog\/wp-json\/wp\/v2\/pages"}],"about":[{"href":"https:\/\/naehbistro.ch\/blog\/wp-json\/wp\/v2\/types\/page"}],"author":[{"embeddable":true,"href":"https:\/\/naehbistro.ch\/blog\/wp-json\/wp\/v2\/users\/9"}],"replies":[{"embeddable":true,"href":"https:\/\/naehbistro.ch\/blog\/wp-json\/wp\/v2\/comments?post=3506"}],"version-history":[{"count":0,"href":"https:\/\/naehbistro.ch\/blog\/wp-json\/wp\/v2\/pages\/3506\/revisions"}],"wp:attachment":[{"href":"https:\/\/naehbistro.ch\/blog\/wp-json\/wp\/v2\/media?parent=3506"}],"curies":[{"name":"wp","href":"https:\/\/api.w.org\/{rel}","templated":true}]}}